{"id":19158,"date":"2022-06-08T16:07:37","date_gmt":"2022-06-08T15:07:37","guid":{"rendered":"https:\/\/carihome.lu\/?post_type=property&#038;p=19158"},"modified":"2023-01-04T17:29:04","modified_gmt":"2023-01-04T16:29:04","slug":"appartement-2-chambres-a-esch-sur-alzette-4","status":"publish","type":"property","link":"https:\/\/carihome.lu\/fr\/property\/appartement-2-chambres-a-esch-sur-alzette-4\/","title":{"rendered":"Appartement 2 chambres \u00e0 Esch-sur-Alzette"},"content":{"rendered":"<p>Id\u00e9al pour un premier achat<\/p>\n\n\n\n<p>CARIHOME a le plaisir de vous pr\u00e9senter ce bel appartement au 1er \u00e9tage dans une petite r\u00e9sidence dans la commune d'Esch sur Alzette.<\/p>\n\n\n\n<p>Pour plus d'informations, contactez votre commerciale :<br>Mme FERNANDES Karine +352 20 60 01 44 <\/p>\n\n\n\n<p>Des l'entr\u00e9e , vous serez charm\u00e9 par sa luminosit\u00e9.<br>Vous disposerez d'un hall donnant sur la cuisine ouverte et sur le salon\/salle \u00e0 manger ainsi une salle de douche avec WC.<\/p>\n\n\n\n<p>Pour r\u00e9pondre a toutes demandes, le confort de deux belles chambres \u00e0 coucher compl\u00e8tent cette description.<\/p>\n\n\n\n<p>Pour finir, un garage box ferm\u00e9, une spacieuse cave et une buanderie commune.<\/p>\n\n\n\n<p>Proche de toutes les commodit\u00e9s.<\/p>\n\n\n\n<p>Choisissez la cl\u00e9 de la r\u00e9ussite immobili\u00e8re avec Carihome.<\/p>\n\n\n\n<ul class=\"wp-block-list\">\n<li>Les prix affich\u00e9s comportent les frais d'agence 3% TVA<\/li>\n<\/ul>","protected":false},"excerpt":{"rendered":"<p>Ideal pour premier achat CARIHOME a le plaisir de vous pr\u00e9senter ce bel appartement au 1er \u00e9tage dans une petite r\u00e9sidence dans la commune d&#8217;Esch sur Alzette Pour plus d&#8217;informations, contactez votre commerciale :Mme FERNANDES Karine +352 20 60 01 44 Des l&#8217;entr\u00e9e , vous serez charm\u00e9 par sa luminosit\u00e9.Vous disposerez d&#8217;un hall donnant sur [&hellip;]<\/p>\n","protected":false},"author":6,"featured_media":19161,"parent":0,"menu_order":0,"template":"","property_type":[80],"property_status":[30],"property_feature":[],"property_label":[60],"property_country":[79],"property_state":[],"property_city":[83],"property_area":[],"class_list":["post-19158","property","type-property","status-publish","has-post-thumbnail","hentry","property_type-appartement","property_status-for-sale","property_label-vendu","property_country-luxembourg","property_city-esch-sur-alzette"],"aioseo_notices":[],"property_meta":{"_edit_lock":["1672849746:6"],"_thumbnail_id":["19161"],"_edit_last":["6"],"fave_property_price":["579000"],"fave_property_size":["75"],"fave_property_bedrooms":["2"],"fave_etage-du-bien":["1"],"fave_place-s-de-parking-dans-un-garage":["1"],"fave_property_map":["1"],"fave_property_map_address":["Esch-sur-Alzette, Canton Esch-sur-Alzette, Luxembourg"],"fave_property_location":["49.4959628,5.9850306,15"],"houzez_geolocation_lat":["49.4959628"],"houzez_geolocation_long":["5.9850306"],"fave_property_map_street_view":["hide"],"fave_featured":["0"],"fave_loggedintoview":["0"],"fave_agent_display_option":["agency_info"],"fave_property_agency":["17567"],"fave_prop_homeslider":["no"],"fave_energy_class":["F"],"fave_single_top_area":["global"],"fave_single_content_area":["global"],"_aioseo_title":[null],"_aioseo_description":[null],"_aioseo_keywords":[""],"_aioseo_og_title":[null],"_aioseo_og_description":[null],"_aioseo_og_article_section":[""],"_aioseo_og_article_tags":[""],"_aioseo_twitter_title":[null],"_aioseo_twitter_description":[null],"houzez_manual_expire":["0"],"_houzez_expiration_date_status":["saved"],"houzez_total_property_views":["2117"],"houzez_views_by_date":["a:61:{s:10:\"02-05-2026\";i:9;s:10:\"02-09-2026\";i:1;s:10:\"02-10-2026\";i:2;s:10:\"02-12-2026\";i:1;s:10:\"02-14-2026\";i:3;s:10:\"02-15-2026\";i:1;s:10:\"02-18-2026\";i:3;s:10:\"02-19-2026\";i:1;s:10:\"02-20-2026\";i:4;s:10:\"02-21-2026\";i:4;s:10:\"02-23-2026\";i:2;s:10:\"02-25-2026\";i:3;s:10:\"02-28-2026\";i:2;s:10:\"03-01-2026\";i:2;s:10:\"03-03-2026\";i:4;s:10:\"03-04-2026\";i:2;s:10:\"03-07-2026\";i:2;s:10:\"03-08-2026\";i:2;s:10:\"03-09-2026\";i:1;s:10:\"03-10-2026\";i:2;s:10:\"03-11-2026\";i:2;s:10:\"03-13-2026\";i:1;s:10:\"03-15-2026\";i:3;s:10:\"03-16-2026\";i:6;s:10:\"03-17-2026\";i:1;s:10:\"03-18-2026\";i:1;s:10:\"03-19-2026\";i:1;s:10:\"03-20-2026\";i:3;s:10:\"03-21-2026\";i:1;s:10:\"03-22-2026\";i:1;s:10:\"03-23-2026\";i:1;s:10:\"03-24-2026\";i:2;s:10:\"03-27-2026\";i:1;s:10:\"03-28-2026\";i:2;s:10:\"03-29-2026\";i:3;s:10:\"03-30-2026\";i:1;s:10:\"03-31-2026\";i:2;s:10:\"04-01-2026\";i:5;s:10:\"04-03-2026\";i:3;s:10:\"04-04-2026\";i:1;s:10:\"04-05-2026\";i:1;s:10:\"04-07-2026\";i:2;s:10:\"04-08-2026\";i:1;s:10:\"04-09-2026\";i:1;s:10:\"04-10-2026\";i:1;s:10:\"04-11-2026\";i:2;s:10:\"04-12-2026\";i:5;s:10:\"04-14-2026\";i:2;s:10:\"04-15-2026\";i:2;s:10:\"04-17-2026\";i:2;s:10:\"04-18-2026\";i:1;s:10:\"04-19-2026\";i:2;s:10:\"04-20-2026\";i:2;s:10:\"04-21-2026\";i:2;s:10:\"04-23-2026\";i:1;s:10:\"04-24-2026\";i:5;s:10:\"04-25-2026\";i:2;s:10:\"04-26-2026\";i:2;s:10:\"04-27-2026\";i:1;s:10:\"04-30-2026\";i:2;s:10:\"05-01-2026\";i:2;}"],"houzez_recently_viewed":["2026-05-01 07:50:20"],"fave_property_bathrooms":["1"],"fave_rc3a9novc3a9":["Oui"],"fave_salon":["Oui"],"fave_cuisine-c3a9quipc3a9e":["Oui"],"fave_cuisine-sc3a9parc3a9e":["Oui"],"fave_cave":["Oui"],"fave_buanderie":["Oui"],"fave_parquet":["Oui"],"fave_animaux-accepc3a9s":["Oui"],"fave_property_images":["19161","19159","19160","19162","19163"],"_elementor_page_assets":["a:0:{}"]},"_links":{"self":[{"href":"https:\/\/carihome.lu\/fr\/wp-json\/wp\/v2\/properties\/19158","targetHints":{"allow":["GET"]}}],"collection":[{"href":"https:\/\/carihome.lu\/fr\/wp-json\/wp\/v2\/properties"}],"about":[{"href":"https:\/\/carihome.lu\/fr\/wp-json\/wp\/v2\/types\/property"}],"author":[{"embeddable":true,"href":"https:\/\/carihome.lu\/fr\/wp-json\/wp\/v2\/users\/6"}],"version-history":[{"count":2,"href":"https:\/\/carihome.lu\/fr\/wp-json\/wp\/v2\/properties\/19158\/revisions"}],"predecessor-version":[{"id":19755,"href":"https:\/\/carihome.lu\/fr\/wp-json\/wp\/v2\/properties\/19158\/revisions\/19755"}],"wp:featuredmedia":[{"embeddable":true,"href":"https:\/\/carihome.lu\/fr\/wp-json\/wp\/v2\/media\/19161"}],"wp:attachment":[{"href":"https:\/\/carihome.lu\/fr\/wp-json\/wp\/v2\/media?parent=19158"}],"wp:term":[{"taxonomy":"property_type","embeddable":true,"href":"https:\/\/carihome.lu\/fr\/wp-json\/wp\/v2\/property_type?post=19158"},{"taxonomy":"property_status","embeddable":true,"href":"https:\/\/carihome.lu\/fr\/wp-json\/wp\/v2\/property_status?post=19158"},{"taxonomy":"property_feature","embeddable":true,"href":"https:\/\/carihome.lu\/fr\/wp-json\/wp\/v2\/property_feature?post=19158"},{"taxonomy":"property_label","embeddable":true,"href":"https:\/\/carihome.lu\/fr\/wp-json\/wp\/v2\/property_label?post=19158"},{"taxonomy":"property_country","embeddable":true,"href":"https:\/\/carihome.lu\/fr\/wp-json\/wp\/v2\/property_country?post=19158"},{"taxonomy":"property_state","embeddable":true,"href":"https:\/\/carihome.lu\/fr\/wp-json\/wp\/v2\/property_state?post=19158"},{"taxonomy":"property_city","embeddable":true,"href":"https:\/\/carihome.lu\/fr\/wp-json\/wp\/v2\/property_city?post=19158"},{"taxonomy":"property_area","embeddable":true,"href":"https:\/\/carihome.lu\/fr\/wp-json\/wp\/v2\/property_area?post=19158"}],"curies":[{"name":"wp","href":"https:\/\/api.w.org\/{rel}","templated":true}]}}

Appartement 2 chambres à Esch-sur-Alzette

<p>Idéal pour un premier achat</p>



<p>CARIHOME a le plaisir de vous présenter ce bel appartement au 1er étage dans une petite résidence dans la commune d'Esch sur Alzette.</p>



<p>Pour plus d'informations, contactez votre commerciale :<br>Mme FERNANDES Karine +352 20 60 01 44 </p>



<p>Des l'entrée , vous serez charmé par sa luminosité.<br>Vous disposerez d'un hall donnant sur la cuisine ouverte et sur le salon/salle à manger ainsi une salle de douche avec WC.</p>



<p>Pour répondre a toutes demandes, le confort de deux belles chambres à coucher complètent cette description.</p>



<p>Pour finir, un garage box fermé, une spacieuse cave et une buanderie commune.</p>



<p>Proche de toutes les commodités.</p>



<p>Choisissez la clé de la réussite immobilière avec Carihome.</p>



<ul class="wp-block-list">
<li>Les prix affichés comportent les frais d'agence 3% TVA</li>
</ul>

<p>Ideal pour premier achat CARIHOME a le plaisir de vous présenter ce bel appartement au 1er étage dans une petite résidence dans la commune d&#8217;Esch sur Alzette Pour plus d&#8217;informations, contactez votre commerciale :Mme FERNANDES Karine +352 20 60 01 44 Des l&#8217;entrée , vous serez charmé par sa luminosité.Vous disposerez d&#8217;un hall donnant sur [&hellip;]</p>
