{"id":19176,"date":"2022-06-08T16:33:32","date_gmt":"2022-06-08T15:33:32","guid":{"rendered":"https:\/\/carihome.lu\/?post_type=property&#038;p=19176"},"modified":"2023-01-04T17:31:04","modified_gmt":"2023-01-04T16:31:04","slug":"appartement-2-chambres-a-schengen","status":"publish","type":"property","link":"https:\/\/carihome.lu\/fr\/property\/appartement-2-chambres-a-schengen\/","title":{"rendered":"Appartement 2 chambres \u00e0 Schengen"},"content":{"rendered":"<p>Carihome a le plaisir de vous pr\u00e9senter ce bel appartement au nord du Luxembourg, dans la commune de Schengen.<\/p>\n\n\n\n<p>Pour plus d'informations, contactez votre commerciale :<br>Mme FERNANDES Karine +352 20 60 01 44<\/p>\n\n\n\n<p>L'appartement se situe au c\u00bdur du village viticole proche de toutes commodit\u00e9s : supermarch\u00e9, transport en commun et \u00e9cole.<\/p>\n\n\n\n<p>Au 2i\u00e9me \u00e9tage d'une r\u00e9sidence r\u00e9cente, nous vous proposons un appartement de \/- 85m2 offrant un hall d`entr\u00e9e, cuisine \u00e9quip\u00e9e s\u00e9par\u00e9e, living avec salle a manger, salle de bain avec WC, salle de douche avec WC , et pour compl\u00e9ter ce bien deux chambres \u00e0 coucher.<\/p>\n\n\n\n<p>Pour finir, une cave, un garage box ferm\u00e9 et une buanderie commune viennent cl\u00f4turer cet appartement .<\/p>\n\n\n\n<p>\/ ! Pas de balcon \/ !<\/p>\n\n\n\n<p>Choisissez la cl\u00e9 de la r\u00e9ussite immobili\u00e8re avec Carihome.<\/p>\n\n\n\n<ul class=\"wp-block-list\">\n<li>Les prix affich\u00e9s comportent les frais d'agence 3% TVA<\/li>\n<\/ul>","protected":false},"excerpt":{"rendered":"<p>Carihome a le plaisir de vous pr\u00e9senter ce bel appartement au nord du Luxembourg, dans la commune de Schengen. Pour plus d&#8217;informations, contactez votre commerciale :Mme FERNANDES Karine +352 20 60 01 44 L&#8217;appartement se situe au c\u00bdur du village viticole proche de toutes commodit\u00e9s : supermarch\u00e9, transport en commun et \u00e9cole. Au 2i\u00e9me \u00e9tage [&hellip;]<\/p>\n","protected":false},"author":6,"featured_media":19178,"parent":0,"menu_order":0,"template":"","property_type":[80],"property_status":[30],"property_feature":[],"property_label":[60],"property_country":[79],"property_state":[],"property_city":[92],"property_area":[],"class_list":["post-19176","property","type-property","status-publish","has-post-thumbnail","hentry","property_type-appartement","property_status-for-sale","property_label-vendu","property_country-luxembourg","property_city-schengen"],"aioseo_notices":[],"property_meta":{"_edit_lock":["1672849866:6"],"_thumbnail_id":["19178"],"_edit_last":["6"],"fave_property_price":["599000"],"fave_property_size":["85"],"fave_property_bedrooms":["2"],"fave_property_bathrooms":["1"],"fave_property_year":["2005"],"fave_salle-de-bain":["1"],"fave_place-s-de-parking-dans-un-garage":["1"],"fave_salle-de-douche":["1"],"fave_property_map":["1"],"fave_property_map_address":["Schengen, Canton Remich, Luxembourg"],"fave_property_location":["49.4716,6.3659008,15"],"houzez_geolocation_lat":["49.4716"],"houzez_geolocation_long":["6.3659008"],"fave_property_map_street_view":["hide"],"fave_featured":["0"],"fave_loggedintoview":["0"],"fave_agent_display_option":["agency_info"],"fave_property_agency":["17567"],"fave_prop_homeslider":["no"],"fave_energy_class":["E"],"fave_single_top_area":["global"],"fave_single_content_area":["global"],"_aioseo_title":[null],"_aioseo_description":[null],"_aioseo_keywords":[""],"_aioseo_og_title":[null],"_aioseo_og_description":[null],"_aioseo_og_article_section":[""],"_aioseo_og_article_tags":[""],"_aioseo_twitter_title":[null],"_aioseo_twitter_description":[null],"houzez_manual_expire":["0"],"_houzez_expiration_date_status":["saved"],"houzez_total_property_views":["2057"],"houzez_views_by_date":["a:61:{s:10:\"02-05-2026\";i:4;s:10:\"02-10-2026\";i:1;s:10:\"02-12-2026\";i:1;s:10:\"02-13-2026\";i:1;s:10:\"02-14-2026\";i:2;s:10:\"02-15-2026\";i:4;s:10:\"02-17-2026\";i:3;s:10:\"02-18-2026\";i:1;s:10:\"02-19-2026\";i:1;s:10:\"02-20-2026\";i:3;s:10:\"02-21-2026\";i:5;s:10:\"02-23-2026\";i:3;s:10:\"02-24-2026\";i:2;s:10:\"02-26-2026\";i:3;s:10:\"02-28-2026\";i:2;s:10:\"03-01-2026\";i:1;s:10:\"03-04-2026\";i:2;s:10:\"03-06-2026\";i:4;s:10:\"03-07-2026\";i:3;s:10:\"03-08-2026\";i:4;s:10:\"03-09-2026\";i:1;s:10:\"03-10-2026\";i:2;s:10:\"03-11-2026\";i:3;s:10:\"03-13-2026\";i:2;s:10:\"03-14-2026\";i:5;s:10:\"03-15-2026\";i:1;s:10:\"03-16-2026\";i:4;s:10:\"03-17-2026\";i:1;s:10:\"03-18-2026\";i:2;s:10:\"03-20-2026\";i:1;s:10:\"03-21-2026\";i:2;s:10:\"03-24-2026\";i:5;s:10:\"03-25-2026\";i:2;s:10:\"03-26-2026\";i:1;s:10:\"03-27-2026\";i:1;s:10:\"03-28-2026\";i:1;s:10:\"03-29-2026\";i:6;s:10:\"03-30-2026\";i:3;s:10:\"04-01-2026\";i:1;s:10:\"04-05-2026\";i:1;s:10:\"04-06-2026\";i:4;s:10:\"04-07-2026\";i:1;s:10:\"04-09-2026\";i:1;s:10:\"04-11-2026\";i:2;s:10:\"04-12-2026\";i:3;s:10:\"04-13-2026\";i:2;s:10:\"04-14-2026\";i:1;s:10:\"04-15-2026\";i:2;s:10:\"04-17-2026\";i:3;s:10:\"04-18-2026\";i:4;s:10:\"04-19-2026\";i:1;s:10:\"04-20-2026\";i:2;s:10:\"04-21-2026\";i:1;s:10:\"04-23-2026\";i:2;s:10:\"04-24-2026\";i:2;s:10:\"04-25-2026\";i:3;s:10:\"04-26-2026\";i:2;s:10:\"04-27-2026\";i:4;s:10:\"04-28-2026\";i:1;s:10:\"04-30-2026\";i:1;s:10:\"05-01-2026\";i:2;}"],"houzez_recently_viewed":["2026-05-01 08:04:02"],"fave_ascenseur":["Oui"],"fave_salon":["Oui"],"fave_cuisine-c3a9quipc3a9e":["Oui"],"fave_cuisine-sc3a9parc3a9e":["Oui"],"fave_cave":["Oui"],"fave_buanderie":["Oui"],"fave_chauffage-au-gaz":["Oui"],"fave_parquet":["Oui"],"fave_animaux-accepc3a9s":["Oui"],"fave_property_images":["19177","19178","19179","19181"],"_elementor_page_assets":["a:0:{}"]},"_links":{"self":[{"href":"https:\/\/carihome.lu\/fr\/wp-json\/wp\/v2\/properties\/19176","targetHints":{"allow":["GET"]}}],"collection":[{"href":"https:\/\/carihome.lu\/fr\/wp-json\/wp\/v2\/properties"}],"about":[{"href":"https:\/\/carihome.lu\/fr\/wp-json\/wp\/v2\/types\/property"}],"author":[{"embeddable":true,"href":"https:\/\/carihome.lu\/fr\/wp-json\/wp\/v2\/users\/6"}],"version-history":[{"count":2,"href":"https:\/\/carihome.lu\/fr\/wp-json\/wp\/v2\/properties\/19176\/revisions"}],"predecessor-version":[{"id":19757,"href":"https:\/\/carihome.lu\/fr\/wp-json\/wp\/v2\/properties\/19176\/revisions\/19757"}],"wp:featuredmedia":[{"embeddable":true,"href":"https:\/\/carihome.lu\/fr\/wp-json\/wp\/v2\/media\/19178"}],"wp:attachment":[{"href":"https:\/\/carihome.lu\/fr\/wp-json\/wp\/v2\/media?parent=19176"}],"wp:term":[{"taxonomy":"property_type","embeddable":true,"href":"https:\/\/carihome.lu\/fr\/wp-json\/wp\/v2\/property_type?post=19176"},{"taxonomy":"property_status","embeddable":true,"href":"https:\/\/carihome.lu\/fr\/wp-json\/wp\/v2\/property_status?post=19176"},{"taxonomy":"property_feature","embeddable":true,"href":"https:\/\/carihome.lu\/fr\/wp-json\/wp\/v2\/property_feature?post=19176"},{"taxonomy":"property_label","embeddable":true,"href":"https:\/\/carihome.lu\/fr\/wp-json\/wp\/v2\/property_label?post=19176"},{"taxonomy":"property_country","embeddable":true,"href":"https:\/\/carihome.lu\/fr\/wp-json\/wp\/v2\/property_country?post=19176"},{"taxonomy":"property_state","embeddable":true,"href":"https:\/\/carihome.lu\/fr\/wp-json\/wp\/v2\/property_state?post=19176"},{"taxonomy":"property_city","embeddable":true,"href":"https:\/\/carihome.lu\/fr\/wp-json\/wp\/v2\/property_city?post=19176"},{"taxonomy":"property_area","embeddable":true,"href":"https:\/\/carihome.lu\/fr\/wp-json\/wp\/v2\/property_area?post=19176"}],"curies":[{"name":"wp","href":"https:\/\/api.w.org\/{rel}","templated":true}]}}

Appartement 2 chambres à Schengen

<p>Carihome a le plaisir de vous présenter ce bel appartement au nord du Luxembourg, dans la commune de Schengen.</p>



<p>Pour plus d'informations, contactez votre commerciale :<br>Mme FERNANDES Karine +352 20 60 01 44</p>



<p>L'appartement se situe au c½ur du village viticole proche de toutes commodités : supermarché, transport en commun et école.</p>



<p>Au 2iéme étage d'une résidence récente, nous vous proposons un appartement de /- 85m2 offrant un hall d`entrée, cuisine équipée séparée, living avec salle a manger, salle de bain avec WC, salle de douche avec WC , et pour compléter ce bien deux chambres à coucher.</p>



<p>Pour finir, une cave, un garage box fermé et une buanderie commune viennent clôturer cet appartement .</p>



<p>/ ! Pas de balcon / !</p>



<p>Choisissez la clé de la réussite immobilière avec Carihome.</p>



<ul class="wp-block-list">
<li>Les prix affichés comportent les frais d'agence 3% TVA</li>
</ul>

<p>Carihome a le plaisir de vous présenter ce bel appartement au nord du Luxembourg, dans la commune de Schengen. Pour plus d&#8217;informations, contactez votre commerciale :Mme FERNANDES Karine +352 20 60 01 44 L&#8217;appartement se situe au c½ur du village viticole proche de toutes commodités : supermarché, transport en commun et école. Au 2iéme étage [&hellip;]</p>
